Let l(u) = u**2 + u - 2. Let o be l(-4). Suppose o = 3*g - 5. List the prime factors of g.
5
Let n(j) = -5*j + 10. Let d be n(-8). Suppose -8*q = -3*q - d. List the prime factors of q.
2, 5
Let r(z) = -17*z - 20. Let g be r(-9). Let w = g - 78. List the prime factors of w.
5, 11
Let z be 1*9 + (-2 - -5). What are the prime factors of 3/z - (-43)/4?
11
Let g be (-3 - (-1 - 0)) + 13. List the prime factors of (3 - 1)*(5 + g).
2
Suppose -3*w = 4*x - 0*w - 395, 3*x - 288 = -5*w. What are the prime factors of x?
101
Let n be 4/14 - 6/21. Suppose o = -n*o. Suppose 2*j - t - 22 = o, -2*j + 14 = 4*t - t. List the prime factors of j.
2, 5
Let u(p) = p + 2. Let k be u(2). Suppose k*m - 4*a = 8*m + 20, a = -4. List the prime factors of 2 + (-1)/m + 6.
3
List the prime factors of (-422)/(-14) + 3/(-21).
2, 3, 5
Let o(p) = 9*p + 13. What are the prime factors of o(5)?
2, 29
Let a(f) = f**2 + 7*f + 9. Suppose -12*y = -7*y + 40. List the prime factors of a(y).
17
Suppose -2*q - 2*z = -2 + 6, 5*q - 26 = 4*z. Suppose -8 = -q*d + 20. What are the prime factors of d?
2, 7
Let h = 54 + -15. Let l = h - 3. What are the prime factors of l?
2, 3
Let f = -82 - -41. Let p = -25 - f. List the prime factors of p.
2
Let l be 20/70 + (-264)/(-7). Let t = l - 21. What are the prime factors of t?
17
List the prime factors of (-19)/(-2 + (-2)/(-2)).
19
Let k(q) = 2*q**2 - 4*q - 4. Let l be k(-3). Let f = 37 - l. List the prime factors of f.
11
List the prime factors of ((-54)/4)/((-7)/28).
2, 3
Suppose 10 = 4*d - 2. Let x(s) = -4*s - 3*s**3 - 7 - 5*s**2 + d*s**3 + s**3. What are the prime factors of x(6)?
5
List the prime factors of (-2)/(-16)*-18*(-1 + -15).
2, 3
Let d = 385 + -220. List the prime factors of d.
3, 5, 11
Let h be -2 + -3 + (0 - -2). List the prime factors of (h/(-2))/(6/72).
2, 3
Let c(a) = -a**2 + 31*a - 8. List the prime factors of c(13).
2, 113
Let q = 31 - -4. List the prime factors of q.
5, 7
Let s = -3 + 3. Let t(f) = f**3 - f + 6. List the prime factors of t(s).
2, 3
Let p(s) be the second derivative of -2*s + 0 - 1/6*s**3 + 0*s**2 + 13/12*s**4. What are the prime factors of p(1)?
2, 3
Let x(p) = 2*p + 12. What are the prime factors of x(8)?
2, 7
Let u(b) = -b - 1. Let p be u(4). Let y = p + 7. List the prime factors of y.
2
Let y = -37 - -65. Suppose 5*a = -z - 101, -2*a - 3*a = -4*z + 96. Let s = a + y. List the prime factors of s.
2
Suppose -3*m + 6 = -9. Suppose -m*t = -2*t - 243. Suppose 5*q = -3*o + t, 0*q = q - 2*o - 24. List the prime factors of q.
2, 3
Suppose 0 = 3*f + 1 - 7. Suppose f*y + 18 - 104 = 0. List the prime factors of y.
43
Suppose -o = 4*o - 15. Suppose -4*u = 2*c, -c + o*u - u = 8. What are the prime factors of (-40)/(-2) + (-8)/c?
2, 11
Let c(j) = -4*j + 1. Let o be c(4). Let k be (-5)/(o/6) - -12. Let p = 20 - k. List the prime factors of p.
2, 3
What are the prime factors of ((-16)/(-48))/((-2)/(-342))?
3, 19
Suppose -4*b + 4 = -0*b, -1 = 2*n + 3*b. Let q(m) = -m. List the prime factors of q(n).
2
Suppose 0 = -4*p - 8, -4*l - p = 13 + 17. Let q(g) = g**3 + 6*g**2 - 6*g - 4. Let h be q(-7). Let c = l - h. What are the prime factors of c?
2
Let u(x) = 3*x - x + 0*x**3 + 0 + x**3 - 3*x**2 + 3. Let n = -8 + 11. What are the prime factors of u(n)?
3
Let l(i) = -i - 17. Let g be l(-6). Let q(k) = -2*k - 11. List the prime factors of q(g).
11
Suppose 0*z - 67 = -z. What are the prime factors of z?
67
Let t = 23 - 32. Let u be 12/((-6)/t*3). Let w(m) = m + 5. List the prime factors of w(u).
11
Suppose 3*f - 2*f = 5. Let z = f + -3. Suppose -z*s + 1 = -13. What are the prime factors of s?
7
Suppose 0 = 3*k - 4 - 5. Suppose 2*d + 3*f - 14 = -3, -4*d - k*f + 25 = 0. What are the prime factors of d?
7
Let n(b) = 8*b - 2. Let q be n(1). Suppose -4*h = -142 + q. List the prime factors of h.
2, 17
Let x = 10 + -12. What are the prime factors of 96/9*(-3)/x?
2
Suppose -2*r + 3 = -r. Suppose -6 = r*k - 4*k. List the prime factors of 20/k - 1/3.
3
Let s(r) be the first derivative of 2*r**3 + r**2/2 + r - 2. What are the prime factors of s(-1)?
2, 3
Suppose a - 2 = -4*f + f, 4*a = f - 5. Suppose 14 + f = 3*q. What are the prime factors of (-2)/q + 74/10?
7
Suppose 2*m = 7 + 1. Suppose -2*w + 143 = 5*a, 0 = 3*a + 5*w - m*w - 86. What are the prime factors of a?
29
Let m be 746/10 - (-4)/10. Suppose -g + 4*g + m = 0. Let b = g - -40. List the prime factors of b.
3, 5
Let u(c) = c + 20. Let l be u(0). Suppose k - l = 3*k. Let r = 0 - k. List the prime factors of r.
2, 5
Suppose 0 = 4*j + 4*z - 60, -4*j - z = -38 - 22. Let d = j + -10. List the prime factors of d.
5
What are the prime factors of (3 + -7)*(2 + -40)?
2, 19
Suppose 0 + 2 = z. Suppose w + z*w = 6. Suppose w*m + 2*o = -3*m + 9, -4*m - o = -9. List the prime factors of m.
3
What are the prime factors of ((-396)/18)/((-4)/14)?
7, 11
Suppose 5*r + 5*a = 185, 10*r - 5*r + 2*a = 185. List the prime factors of r.
37
Let i(p) = 3*p + 7*p**2 + 1 - 2*p**2 + 2. List the prime factors of i(-2).
17
Let a = -6 - -3. Let j be (1/a)/((-2)/12). Suppose j*v - 15 = 5. List the prime factors of v.
2, 5
Suppose 2*l + 9 = 3*q - 2, -2*l = 5*q - 29. Let x(m) be the third derivative of m**5/30 + m**4/12 - m**3/2 - m**2. List the prime factors of x(l).
3
Let u(k) = -34*k**3 - 2*k - 1. Let r be (9/(-18))/((-2)/(-4)). List the prime factors of u(r).
5, 7
Suppose 0 = -2*o - 0*o + 8. Let s = 9 + o. List the prime factors of s.
13
Suppose r - 3*r + 14 = 0. Let k = r - 4. List the prime factors of k.
3
Let g(o) = -o**2 + 8*o - 4. Let q = 6 + 1. List the prime factors of g(q).
3
Let s(i) = -i**2 - 6*i + 10. Let l be s(-8). Let g be -2*(-3)/(1*l). What are the prime factors of 3/(-3*g/5)?
5
Suppose 202*w + 740 = 207*w. What are the prime factors of w?
2, 37
Let p(i) = i**2 - 2*i - 37. What are the prime factors of p(-10)?
83
Let c = 113 - -34. List the prime factors of c.
3, 7
Suppose -126 = -6*l - 48. List the prime factors of l.
13
Let p = 151 - -31. What are the prime factors of p?
2, 7, 13
Suppose -2*a - a = 21. What are the prime factors of (0 + 1)*(0 - a)?
7
Let h = 1 + 3. Suppose -h*x = -2*x. Let c = x + 2. List the prime factors of c.
2
Let j = 300 + -82. What are the prime factors of j?
2, 109
Suppose 2*w = s - 64, 4*w + 7 = -3*s + 169. What are the prime factors of s?
2, 29
Let i(p) = -p**2 - 5*p + 1. Let q be i(-5). List the prime factors of 2 + -5 + (44 - q).
2, 5
Let g(m) = -19*m + 16. What are the prime factors of g(-4)?
2, 23
Suppose -5*v + 166 = -3*v - 5*g, -4*v = 5*g - 272. What are the prime factors of v?
73
Let t = 14 - 8. Suppose -4*b - 5*g + 82 = 0, t*b = 2*b - g + 74. Let w = 28 - b. What are the prime factors of w?
2, 5
Let b(a) = -a**2 + 10. Let w be b(0). What are the prime factors of (-4)/10 - (-124)/w?
2, 3
Let s(j) = 6*j - 1. Let a be s(1). Suppose 0 = -0*o + 5*o - 30. What are the prime factors of ((-18)/a)/(o/(-15))?
3
Let j be ((-21 - -1) + 2)*1. What are the prime factors of 188/36 + 4/j?
5
Let q = 28 - 20. Suppose -4*s + 5 = 3*o, -3*s + q = 3*o - 2*s. Suppose -k - k - 4*c - 16 = 0, o = -k - c. What are the prime factors of k?
2
Let t = 43 + -13. Suppose t = 4*j - 22. What are the prime factors of j?
13
Suppose -1 + 11 = 2*b. Suppose -3 = -y + 3*v, 0*y = -b*y + 3*v - 33. What are the prime factors of (-6)/y - 7/(-3)?
3
Let b(u) = 4*u**2 - u + 2. What are the prime factors of b(-3)?
41
Suppose -4*h - 59 = -d, 256 = 4*d + h + 3*h. Suppose 7*q + 14 - d = 0. List the prime factors of q.
7
Let c(t) = 4*t - 8. Suppose 5*d - 4*v = 26, -d + 15 = d + 3*v. List the prime factors of c(d).
2
Let s = -1 - -36. Suppose -1 - s = -4*d. Let a = 20 - d. What are the prime factors of a?
11
Let m be (-7 + 1)*44/(-3). Suppose -m = -2*j - 16. Suppose -2*u - u - 24 = -y, -2*y = -3*u - j. What are the prime factors of y?
2, 3
Suppose -4*r + 523 = -r + 5*m, -4*r = -4*m - 676. List the prime factors of r.
3, 19
List the prime factors of -4*((-2)/(-3) + (-111)/18).
2, 11
Let f = -45 - -65. Suppose 0*w = -4*w + f. What are the prime factors of w?
5
Suppose 0 = -5*y + 425 - 20. List the prime factors of y.
3
Suppose -5*p + 85 = -3*i, -2*i = -p + 3*i + 39. List the prime factors of p.
2, 7
Let j be (6/(-3))/((-2)/76). Suppose 0 = -5*z - 1 + j. What are the prime factors of z?
3, 5
Let q be (-110)/(-6)*(-6)/(-2).